031
Convert 101201100200202 (base 3) to base 14.
a83862
111101111000110 (base 2) to base 16
7bc6
-14212 (base 15) to base 13
-23528
What is 156326164 (base 7) in base 13?
22897a8
What is -654528 (base 10) in base 5?
-131421103
Convert 2cff3 (base 16) to base 6.
3541135
a61379 (base 12) to base 10
2614989
Convert -100000022002121 (base 3) to base 15.
-648dd1
What is -43a4916 (base 11) in base 3?
-112112022220210
Convert -72838 (base 9) to base 2.
-1011101111000100
Convert 9d3 (base 15) to base 5.
32343
-6319a (base 11) to base 8
-263645
-7535 (base 13) to base 2
-11111110001100
Convert 2274772 (base 8) to base 4.
2113213322
Convert -12233302410 (base 5) to base 11.
-8360512
Convert -2448699 (base 11) to base 15.
-59169c
What is -2546454 (base 9) in base 4?
-11103020332
What is 366265 (base 10) in base 11?
2301a9
What is -1510503 (base 6) in base 16?
-153e7
-5051310 (base 6) to base 3
-110012100020
206615354 (base 7) to base 5
11124400030
1100111011010001101111 (base 2) to base 5
1331413102
Convert -10200101110 (base 3) to base 11.
-4a487
110201102111 (base 3) to base 14
67349
What is 220011003 (base 4) in base 5?
20223123
-2174240 (base 11) to base 9
-7150405
329502 (base 14) to base 7
20404602
Convert 12212122000 (base 3) to base 13.
40836
Convert 22404441 (base 6) to base 12.
290721
-cb350 (base 16) to base 14
-179488
Convert 3104335 (base 6) to base 11.
a1828
Convert a7187 (base 13) to base 2.
1001001100011010101
Convert 2130200033 (base 5) to base 6.
241131010
100000101111111011100100 (base 2) to base 10
8584932
-112001012012 (base 3) to base 11
-179761
-2ad33 (base 16) to base 9
-286551
Convert -4b005 (base 14) to base 4.
-230320231
Convert -441370 (base 8) to base 9.
-245274
What is 352460 (base 8) in base 10?
120112
Convert -a7d771 (base 14) to base 5.
-2423344140
343413 (base 12) to base 4
3023322033
What is -4ae130 (base 15) in base 6?
-204550130
Convert -722a (base 15) to base 9.
-36064
Convert 221121020212210 (base 3) to base 5.
11440342334
-15104511 (base 6) to base 4
-1333130323
Convert -10521032 (base 6) to base 3.
-121100012202
Convert 101011000110011001010101 (base 2) to base 4.
223012121111
Convert 251740 (base 8) to base 15.
1aba8
12210002102 (base 3) to base 13
3ca40
Convert -10116581 (base 10) to base 4.
-212211313211
Convert 11123132 (base 5) to base 6.
2040114
What is 1a0c8d6 (base 14) in base 12?
4401a24
-179729 (base 12) to base 14
-a98ad
What is 56665633 (base 7) in base 11?
2875189
12330223204 (base 5) to base 6
1255202502
154dd9 (base 14) to base 5
142243434
-a44010 (base 12) to base 16
-27570c
Convert -35135 (base 11) to base 4.
-30120301
Convert 83833 (base 9) to base 2.
1101100000111001
Convert -282b93 (base 16) to base 2.
-1010000010101110010011
What is -19791 (base 15) in base 7?
-463066
699435 (base 11) to base 16
10f230
What is -355249 (base 14) in base 10?
-1819729
2de62 (base 15) to base 10
148367
What is 50120477 (base 8) in base 10?
10527039
Convert -cf53 (base 16) to base 4.
-30331103
-223322 (base 11) to base 3
-200002000110
7152318 (base 10) to base 7
114536145
Convert 7c9c7 (base 13) to base 5.
24243400
Convert 77321 (base 15) to base 14.
9c026
Convert 29a26a (base 15) to base 2.
111101010011001100011
What is 115614061 (base 8) in base 6?
2004552213
432131030 (base 5) to base 7
21403540
1031447 (base 8) to base 6
5522131
What is 560131 (base 7) in base 5?
11123022
1000000011100100111 (base 2) to base 12
10891b
What is -d2e64f (base 16) in base 2?
-110100101110011001001111
-1d81dd (base 15) to base 3
-2201102002001
Convert 1507158 (base 12) to base 10.
4242452
Convert 410342 (base 6) to base 10.
32534
351100 (base 6) to base 16
756c
724106 (base 8) to base 14
634c6
Convert 3011124 (base 6) to base 5.
14012112
Convert -12775 (base 8) to base 15.
-1a04
-536c6 (base 16) to base 15
-6b3a2
-1380aa (base 11) to base 13
-77277
Convert -21012212001 (base 3) to base 14.
-39aa4
What is 1d963 (base 14) in base 8?
224243
Convert 1000111100101000 (base 2) to base 10.
36648
What is 43a26 (base 11) in base 13?
23064
What is -23658a (base 11) in base 14?
-9a7b4
What is 111101021110200 (base 3) in base 13?
161c8c8
What is 7152087 (base 9) in base 14?
713a74
-263276 (base 8) to base 11
-62aaa
83d44 (base 14) to base 15
64413
What is 2a3255 (base 14) in base 3?
2202121102011
51500114 (base 6) to base 12
5b763a
What is -10001101001001010111 (base 2) in base 8?
-2151127
Convert -144551255 (base 6) to base 5.
-1234003132
Convert -11010101110000100010000 (base 2) to base 9.
-14155242
What is -10101100111 (base 2) in base 11?
-1048
What is 2554416 (base 8) in base 6?
23123154
-5105213 (base 6) to base 11
-155a88
-3205430 (base 9) to base 7
-20406063
What is 2314424031 (base 5) in base 8?
23754570
What is 1a827d (base 16) in base 2?
110101000001001111101
10123253 (base 7) to base 12
349925
-16611562 (base 7) to base 16
-18ec20
-3bb7 (base 12) to base 14
-2735
8b020b (base 13) to base 4
30201332000
What is 10010101010001001101 (base 2) in base 12?
2559a5
What is -3320333112 (base 4) in base 5?
-230113422
Convert 144010 (base 10) to base 2.
100011001010001010
67903 (base 11) to base 13
35951
What is -14b07 (base 16) in base 12?
-4105b
Convert 158597 (base 11) to base 16.
3bf6f
What is 1581046 (base 9) in base 15?
125ad0
Convert -1111111010101010011 (base 2) to base 10.
-521555
-1543b0 (base 12) to base 16
-57e34
What is -2002001222101 (base 3) in base 15?
-16c044
What is -281741 (base 12) in base 2?
-10100010101011100001
What is -3000403 (base 5) in base 13?
-184c9
What is 3325137 (base 8) in base 4?
3122221133
What is -260258 (base 10) in base 6?
-5324522
100111010111001101 (base 2) to base 7
1241025
Convert 142011300 (base 6) to base 15.
3c287c
121203222 (base 4) to base 5
11322212
-18acaa (base 13) to base 8
-2302457
What is 3ab42 (base 16) in base 13?
855a2
What is 332440220 (base 5) in base 16?
162a10
What is 353c28 (base 14) in base 10?
1816172
What is -60942e (base 15) in base 12?
-1652a15
What is ecd12 (base 15) in base 10?
752192
What is -12b2b56 (base 12) in base 14?
-6ca774
What is -661020 (base 13) in base 6?
-123245203
What is -1300b0 (base 13) in base 12?
-1a0653
What is 114024315 (base 7) in base 14?
d1cb45
102a47a (base 14) to base 2
11101000111111100001100
-3fc590 (base 16) to base 6
-225324452
Convert -11261037 (base 8) to base 6.
-124302211
-523341 (base 6) to base 12
-20551
3c2b0a (base 14) to base 2
111111100010101000110
Convert 1722aa7 (base 11) to base 15.
3cdbe4
What is 1b32c (base 13) in base 3?
2201002002
1005142 (base 7) to base 5
12310233
-93079 (base 16) to base 9
-1117087
633a11 (base 16) to base 9
13211306
Convert 2221301012 (base 4) to base 5.
134222431
Convert 165a559 (base 13) to base 6.
414431045
515125 (base 8) to base 16
29a55
100121001101 (base 3) to base 2
101110000110110000
Convert -8248 (base 15) to base 3.
-1101202012
11000100100101000011010 (base 2) to base 9
13107060
-1375014 (base 12) to base 11
-221490a
What is -97366 (base 11) in base 14?
-39809
3a13b (base 16) to base 10
237883
Convert 99cb2 (base 16) to base 8.
2316262
Convert -2543314 (base 7) to base 2.
-1010000100110001100
What is -3616232 (base 9) in base 2?
-111011110011100111111
1945f (base 16) to base 3
12021000001
What is -a56315 (base 11) in base 14?
-32090c
Convert 26835 (base 14) to base 11.
65343
What is 14203307 (base 8) in base 16?
3106c7
Convert -2189463 (base 12) to base 5.
-3114343031
What is 3000321141 (base 5) in base 6?
325452415
Convert -460225 (base 7) to base 3.
-11011010211
What is 1002002032 (base 5) in base 2?
111100100100010000010
Convert -12a6897 (base 13) to base 12.
-1b70967
Convert -947994 (base 10) to base 3.
-1210011101220
What is -10011000111111010100011 (base 2) in base 16?
-4c7ea3
-1303355 (base 8) to base 2
-1011000011011101101
Convert -1224060 (base 9) to base 6.
-22133343
-11a65a (base 11) to base 8
-562541
-2101010430 (base 5) to base 3
-22010010122122
What is -e8bdd3 (base 16) in base 11?
-8678846
Convert 1031003001 (base 4) to base 2.
1001101000011000001
What is -4dcd8 (base 15) in base 14?
-66bb8
Convert 2732660 (base 9) to base 7.
15506034
5230541 (base 6) to base 5
31043200
-142718 (base 11) to base 8
-663647
-22420113 (base 5) to base 6
-4151511
What is 35bab (base 14) in base 16?
2